{"id":102,"date":"2022-03-08T13:18:05","date_gmt":"2022-03-08T12:18:05","guid":{"rendered":"http:\/\/85.8.16.55\/clubs\/?page_id=2"},"modified":"2025-10-22T12:06:35","modified_gmt":"2025-10-22T10:06:35","slug":"exempelsida-2","status":"publish","type":"page","link":"https:\/\/rcff.se\/clubs\/","title":{"rendered":"V\u00e4lkommen!"},"content":{"rendered":"\n<figure class=\"wp-block-image size-large\"><img loading=\"lazy\" decoding=\"async\" width=\"1024\" height=\"166\" src=\"http:\/\/192.168.1.6\/klubbar\/wp-content\/uploads\/2022\/03\/cropped-cropped-IMG_1631-1-1024x166.jpeg\" alt=\"\" class=\"wp-image-42\" srcset=\"https:\/\/rcff.se\/clubs\/wp-content\/uploads\/2022\/03\/cropped-cropped-IMG_1631-1-1024x166.jpeg 1024w, https:\/\/rcff.se\/clubs\/wp-content\/uploads\/2022\/03\/cropped-cropped-IMG_1631-1-300x49.jpeg 300w, https:\/\/rcff.se\/clubs\/wp-content\/uploads\/2022\/03\/cropped-cropped-IMG_1631-1-768x124.jpeg 768w, https:\/\/rcff.se\/clubs\/wp-content\/uploads\/2022\/03\/cropped-cropped-IMG_1631-1-100x16.jpeg 100w, https:\/\/rcff.se\/clubs\/wp-content\/uploads\/2022\/03\/cropped-cropped-IMG_1631-1.jpeg 1280w\" sizes=\"auto, (max-width: 1024px) 100vw, 1024px\" \/><\/figure>\n\n\n\n<p><br>Den h\u00e4r tj\u00e4nsten \u00e4r t\u00e4nkt som ett komplement till F\u00e4ltregistret d\u00e4r det finns uppgifter om v\u00e5ra svenska godk\u00e4nda modellflygf\u00e4lt. F\u00e4ltregistret \u00e4r ju en del i v\u00e5r kommunikation med Transportstyrelsen och det kan d\u00e4rf\u00f6r inte g\u00f6ras \u00f6ppet f\u00f6r v\u00e5ra modellflygklubbar att redigera uppgifterna.<\/p>\n\n\n\n<p>Det har ju tidigare funnits olika sammanst\u00e4llningar med uppgifter om och kontaktv\u00e4gar till landets modellflygklubbar. Problemet med s\u00e5dana uppgifter \u00e4r att det kr\u00e4vs mycket jobb med uppdateringar. Ofta blir uppdateringar den svaga l\u00e4nken och utan f\u00e4rskt inneh\u00e5ll faller lite av nyttan med en \u00f6versikt.<\/p>\n\n\n\n<p>I och med att F\u00e4ltregistret anv\u00e4nds av b\u00e5de SMFF och RCFF finns i princip alla platser d\u00e4r organiserat modellflyg bedrivs listade men bristen \u00e4r att det inte finns s\u00e5 mycket uppgifter om vilken aktivitet som bedrivs p\u00e5 de olika platserna.<\/p>\n\n\n\n<p>F\u00f6r att g\u00f6ra det enkelt och m\u00f6jligt f\u00f6r de klubbar som har medlemmar som \u00e4r anslutna till RCFF erbjuder vi nu m\u00f6jligheten att presentera sin klubb h\u00e4r. <\/p>\n\n\n\n<p>Ambitionen \u00e4r g\u00f6ra det l\u00e4ttare f\u00f6r den som \u00e4r intresserad av modellflyg att hitta information om och kontaktv\u00e4gar till en modellflygklubb kommer nu ett komplement till F\u00e4ltregistret d\u00e4r klubben p\u00e5 egen hand kan l\u00e4gga in uppgifter om sin aktivitet. Uppgifterna kan enkelt h\u00e5llas uppdaterade av respektive klubb. Alla deltagande klubbar g\u00e5r att hitta i en Google-karta liknande den \u00f6ver godk\u00e4nda modellflygf\u00e4lt. Kartan blir ocks\u00e5 l\u00e4nken till klubbens presentation och vidare kontaktv\u00e4gar till klubben.<\/p>\n\n\n\n<p><strong>Svenska Modellflygklubbar &#8211; ett komplement till F\u00e4ltregistret f\u00f6r klubbar med RCFF-anslutna medlemmar<\/strong><br><\/p>\n\n\n\n<p><\/p>\n","protected":false},"excerpt":{"rendered":"<p>Den h\u00e4r tj\u00e4nsten \u00e4r t\u00e4nkt som ett komplement till F\u00e4ltregistret d\u00e4r det finns uppgifter om v\u00e5ra svenska godk\u00e4nda modellflygf\u00e4lt. F\u00e4ltregistret \u00e4r ju en del i v\u00e5r kommunikation med Transportstyrelsen och &#8230;<\/p>\n","protected":false},"author":1,"featured_media":0,"parent":0,"menu_order":0,"comment_status":"closed","ping_status":"open","template":"template-fullwidth.php","meta":{"footnotes":""},"class_list":["post-102","page","type-page","status-publish","hentry"],"_links":{"self":[{"href":"https:\/\/rcff.se\/clubs\/index.php?rest_route=\/wp\/v2\/pages\/102","targetHints":{"allow":["GET"]}}],"collection":[{"href":"https:\/\/rcff.se\/clubs\/index.php?rest_route=\/wp\/v2\/pages"}],"about":[{"href":"https:\/\/rcff.se\/clubs\/index.php?rest_route=\/wp\/v2\/types\/page"}],"author":[{"embeddable":true,"href":"https:\/\/rcff.se\/clubs\/index.php?rest_route=\/wp\/v2\/users\/1"}],"replies":[{"embeddable":true,"href":"https:\/\/rcff.se\/clubs\/index.php?rest_route=%2Fwp%2Fv2%2Fcomments&post=102"}],"version-history":[{"count":3,"href":"https:\/\/rcff.se\/clubs\/index.php?rest_route=\/wp\/v2\/pages\/102\/revisions"}],"predecessor-version":[{"id":399,"href":"https:\/\/rcff.se\/clubs\/index.php?rest_route=\/wp\/v2\/pages\/102\/revisions\/399"}],"wp:attachment":[{"href":"https:\/\/rcff.se\/clubs\/index.php?rest_route=%2Fwp%2Fv2%2Fmedia&parent=102"}],"curies":[{"name":"wp","href":"https:\/\/api.w.org\/{rel}","templated":true}]}}